106
In base 12, what is 3 - 62a8?
-62a5
In base 11, what is 6755 + 6?
6760
In base 4, what is 2203300 + -13?
2203221
In base 5, what is -3 + 1004004?
1004001
In base 15, what is 24dc - d?
24ce
In base 10, what is 3 + -10715?
-10712
In base 15, what is a4 + 77?
12b
In base 9, what is 41 - 12003?
-11852
In base 4, what is 20032 + 1121321?
1202013
In base 8, what is 65 + -2000?
-1713
In base 9, what is -246775 - -4?
-246771
In base 15, what is -3c6 + -c1?
-497
In base 2, what is -100 - -1101011100100?
1101011100000
In base 9, what is 2756165 - -3?
2756168
In base 16, what is 2c + -7a3?
-777
In base 13, what is 18934 + -6?
1892b
In base 14, what is 188 + -71?
117
In base 4, what is -1 - 22320233?
-22320300
In base 13, what is -2a54 - 54?
-2aa8
In base 6, what is 32 - -243031?
243103
In base 6, what is -30 - 1005315?
-1005345
In base 6, what is -4133245 - 2?
-4133251
In base 6, what is -140453 + 0?
-140453
In base 16, what is 4 - 28b9?
-28b5
In base 10, what is 33373 + -29?
33344
In base 3, what is 10100221 + -11221?
10012000
In base 9, what is 15 - -1718?
1734
In base 3, what is -1200020 + 100?
-1122220
In base 4, what is 10032130 + -11?
10032113
In base 9, what is -61 - 100?
-161
In base 11, what is -12 - -658a6?
65894
In base 5, what is 3023402 + 2?
3023404
In base 9, what is 12542 + 28?
12571
In base 16, what is -a8f - 118?
-ba7
In base 15, what is 8 + 7597?
75a0
In base 5, what is 3 + 40311000?
40311003
In base 12, what is -93 + 432b?
4258
In base 12, what is 196 - 3a2?
-208
In base 2, what is 1110010011000111 - -101?
1110010011001100
In base 15, what is -2 + -523e?
-5241
In base 10, what is -2056 - -7?
-2049
In base 15, what is -2 - -2d05?
2d03
In base 15, what is 5 - -35c21?
35c26
In base 10, what is 67555 + -9?
67546
In base 9, what is 503640 + 18?
503658
In base 11, what is 160a - -24?
1633
In base 16, what is 3221 - 4?
321d
In base 10, what is -349 - -9?
-340
In base 15, what is -393 + -90c?
-ca0
In base 15, what is 122 + 5?
127
In base 13, what is -4824 + 19?
-4808
In base 8, what is 2 - -5052?
5054
In base 5, what is -4300343430 + 10?
-4300343420
In base 7, what is -11343 - -60?
-11253
In base 2, what is -111 + -11010010000?
-11010010111
In base 6, what is -14 - 123102?
-123120
In base 5, what is -4134 - -101124?
41440
In base 8, what is 0 + 22003?
22003
In base 7, what is -1606 + 3625?
2016
In base 7, what is 115211 - -3?
115214
In base 6, what is -53443 - 1?
-53444
In base 16, what is -1c + -63?
-7f
In base 9, what is 1 - -707420?
707421
In base 8, what is 76 + 141?
237
In base 10, what is 9 + 523577?
523586
In base 2, what is -1000110010011100 + -1?
-1000110010011101
In base 6, what is -155 - 323255?
-323454
In base 11, what is 120 + 245?
365
In base 9, what is -37 - 173?
-221
In base 11, what is 52aa - 10?
529a
In base 2, what is 101 + 110110110010111?
110110110011100
In base 16, what is -2c - -f4?
c8
In base 2, what is 1011010001000111 + 0?
1011010001000111
In base 15, what is d0a + -6?
d04
In base 9, what is -711 - 235?
-1046
In base 16, what is 9d + -1b27?
-1a8a
In base 7, what is 336 - 346?
-10
In base 10, what is -13 + -373?
-386
In base 6, what is 10551222 - 2?
10551220
In base 8, what is 170520 - 4?
170514
In base 6, what is 3 - 402244?
-402241
In base 16, what is -1ce - -35b?
18d
In base 2, what is 10 + -10010010111110001?
-10010010111101111
In base 13, what is 84 + c0?
174
In base 4, what is -11103011223 - 2?
-11103011231
In base 6, what is 35043 - -3?
35050
In base 14, what is 3 + -11d26?
-11d23
In base 6, what is 0 + -243550?
-243550
In base 14, what is -3 + -24350?
-24353
In base 9, what is -244 + 3688?
3444
In base 10, what is 4 + -20898?
-20894
In base 7, what is 113521 - 11?
113510
In base 6, what is -252114 - -5?
-252105
In base 12, what is -48 - 19a98?
-19b24
In base 14, what is -a - -3cbd?
3cb3
In base 13, what is 3c5 + -119?
2a9
In base 15, what is 264 + 18b?
400
In base 9, what is 124057 - -3?
124061
In base 15, what is -578 - -224?
-354
In base 9, what is 2 - 14312?
-14310
In base 10, what is 183 - -3363?
3546
In base 8, what is -4 - -61323?
61317
In base 13, what is 38 + -631?
-5c6
In base 2, what is -10110111010 + 11010000?
-10011101010
In base 11, what is 1 - 11187?
-11186
In base 7, what is 1222041 + -5?
1222033
In base 13, what is 11533c + -1?
11533b
In base 4, what is -11023 + 23?
-11000
In base 12, what is -4 - 8a4a?
-8a52
In base 6, what is -4420 + 10?
-4410
In base 14, what is -62011 + -2?
-62013
In base 11, what is -10a + -6?
-115
In base 14, what is 1544c + -2?
1544a
In base 15, what is 13a08 + -32?
139c6
In base 4, what is -111011 - 110120?
-221131
In base 5, what is 312111 - 3?
312103
In base 6, what is 1504315 - -43?
1504402
In base 13, what is 3766 - -2?
3768
In base 8, what is 113066 + 2?
113070
In base 7, what is 251 + -4223?
-3642
In base 3, what is 10020 + 1201120?
1211210
In base 12, what is 134609b - 5?
1346096
In base 11, what is -6 + -1140?
-1146
In base 12, what is -941b + 14?
-9407
In base 14, what is -5d54 - -4?
-5d50
In base 12, what is 8340a9 + 0?
8340a9
In base 16, what is 3 - 3a2e?
-3a2b
In base 4, what is -233033020 - 11?
-233033031
In base 16, what is 113 - -47d?
590
In base 5, what is 1301002 + 2?
1301004
In base 10, what is 3945 - 15?
3930
In base 9, what is -550 - 118?
-668
In base 8, what is 10137 - 12?
10125
In base 3, what is -1102 + 1210001?
1201122
In base 11, what is 3215 - -24?
3239
In base 15, what is 18a3c + 5?
18a42
In base 15, what is 6b + 4?
70
In base 2, what is -1001111110101100010 + 101?
-1001111110101011101
In base 15, what is -e3db - -3?
-e3d8
In base 7, what is -51434 - -3?
-51431
In base 6, what is -4132 + 13?
-4115
In base 2, what is -1100000 - 1101110?
-11001110
In base 14, what is -351 + -377?
-6c8
In base 2, what is 101 - -101000010111001?
101000010111110
In base 12, what is 0 + -12725?
-12725
In base 2, what is -11110010 + 10001110101111?
10001010111101
In base 5, what is 124244 + -114?
124130
In base 3, what is -2012 - -2202020?
2200001
In base 15, what is 1ed - 178d?
-1590
In base 15, what is 45e - 2b?
433
In base 11, what is -73a + 427?
-313
In base 10, what is -5 + 173979?
173974
In base 9, what is 22 - 771?
-748
In base 14, what is 4 + cb482?
cb486
In base 2, what is -111000000 + 110011110001?
101100110001
In base 5, what is -1 + 23111?
23110
In base 13, what is 148 + 1b67?
1cb2
In base 7, what is 1630111 - 5?
1630103
In base 10, what is 54 + -349?
-295
In base 5, what is 122240 + -10?
122230
In base 10, what is -7 + 165526?
165519
In base 14, what is 4 - c516d?
-c5169
In base 13, what is -1 - a821?
-a822
In base 14, what is -d - -a5a?
a4b
In base 10, what is 1538 + -80?
1458
In base 7, what is 25254 - 5?
25246
In base 11, what is 115 - 1210?
-10a6
In base 12, what is 17 - 1789?
-1772
In base 9, what is -861 + -711?
-1672
In base 5, what is -12022311 - 0?
-12022311
In base 6, what is -5 + 52221?
52212
In base 12, what is -8 + 4756?
474a
In base 8, what is 45205 - 34?
45151
In base 12, what is 52a76 + 12?
52a88
In base 2, what is 100010110001001110 - 101?
100010110001001001
In base 14, what is -8 - 153?
-15b
In base 7, what is 45334 - -221?
45555
In base 11, what is -100 + 1a46?
1946
In base 10, what is -54 - 532?
-586
In base 14, what is 4 + -7b2?
-7ac
In base 11, what is -9407 + -a?
-9416
In base 11, what is -288 + -55?
-332
In base 5, what is 0 + -10331003?
-10331003
In base 3, what is 120 - -1112221?
1120111
In base 2, what is 1100111011111 + -11100?
1100111000011
In base 5, what is -20021 - -130?
-14341
In base 11, what is -119 + -10?
-129
In base 4, what is -3021213 + 0?
-3021213
In base 7, what is 1001 + 210?
1211
In base 12, what is 36 + 9b9?
a33
In base 13, what is -1a42 + 3b1?
-1661
In base 5, what is -20 - -4103132?
4103112
In base 9, what is -307 - -2631?
2323
In base 13, what is 1 - -b253?
b254
In base 4, what is -2 - 23321123?
-23321131
In base 6, what is 150105 - -1510?
152015
In base 7, what is -553 - 1166?
-2052
In base 6, what is 3 - -24155?
24202
In base 5, what is 10 + 101240?
101300
In base 6, what is 2203 - 20?
2143
In base 14, what is 106 + 2697?
279d
In base 5, what is -3340412 - 212?
-3341124
In base 10, what is 5 - -62197?
62202
In base 7, what is 53 + -512565?
-512512
In base 4, what is -1102 - 20203?
-21311
In base 8,